= z**3 - 8*z**2 - 10*z - 5. Let o be j(9). Let d be (-13)/(17/9 - o/(-7)). Calculate the greatest common divisor of 13 and d.
13
Let w be 8/16*-8*4/(-1). What is the greatest common divisor of 20 and w?
4
Let q be (-14)/77 + 246/22. Let a(p) = 5*p**2 + 0*p**2 + 9*p - 12*p**2 + 9 - p**3. Let v be a(-8). Calculate the greatest common factor of q and v.
1
Let j = 75 - 72. Suppose 0 = x + 4*o + 12, -5*x + 3*o = -j*x - 31. Calculate the greatest common divisor of 24 and x.
8
Suppose -5*j + s = -117, -2*j = -j - s - 21. Suppose 9*c - 155 = 385. Calculate the highest common factor of c and j.
12
Let f be (4 + -6 + -2)*171/(-6). Calculate the greatest common divisor of f and 76.
38
Let i be 340/14 - ((-32)/(-14) + -2). Let n = -23 + i. Calculate the greatest common factor of n and 1.
1
Let l be 394/26 + 18/(-117). What is the greatest common factor of l and 165?
15
Let c be (-1 - -128) + -2 + -4 + 2. What is the highest common factor of 6 and c?
3
Let j be (2/8 + -1)/((-9)/348). Calculate the highest common divisor of 754 and j.
29
Let f be (-86)/(-5) + 1/5*-1. Calculate the greatest common factor of 1 and f.
1
Let y(j) = 3*j + 3. Let o be y(5). Let r = -473 + 635. What is the highest common divisor of r and o?
18
Let d(q) = 52*q - 41. Let w be d(-6). Let m = 500 + w. Calculate the greatest common divisor of 21 and m.
21
Let p be ((-6)/(-4))/((-4)/336*-9). Let c be ((-4)/2 - -1) + 57. What is the highest common divisor of p and c?
14
Suppose -64 = -3*r + o, -r + 5 = 3*o - 3. Let b = 184 + 36. What is the greatest common factor of r and b?
20
Let p be (679/7 - -2) + (-2 - -5). Calculate the greatest common divisor of 51 and p.
51
Suppose 216*l - 220*l = -288. Calculate the highest common factor of l and 648.
72
Suppose -4*k = -20, 4*k - 74 = v - 3*v. Let z = -449 - -746. What is the greatest common divisor of v and z?
27
Suppose 6*d = 8*d - 34848. Suppose -23232 = 4*k + 3*w, -2*k - w - d = k. Let v be k/(-56) + (-2)/(-7). What is the highest common divisor of 26 and v?
26
Let y be (0 + -1)/6 - 38/(-12). Suppose 5*r - 255 = y*o, r + 5*o - 23 + 0 = 0. What is the greatest common divisor of 3 and r?
3
Suppose 2*g = 2*y - 30, -y = 3*g - 2*g - 17. Suppose -y = -u + 12. Calculate the highest common factor of u and 308.
28
Suppose -o - 34 = o. Let x = -17 - o. Suppose m - 5*m + 96 = x. What is the highest common divisor of m and 24?
24
Suppose 2*a = -h, 0 = -4*a - 2*h - 2*h. Suppose a = -4*s, 2*d - d - 336 = 5*s. Calculate the highest common divisor of 42 and d.
42
Let a(b) = -14*b + 4. Let k be a(1). Let n(x) = -3*x + 24. Let w be n(k). What is the greatest common divisor of w and 36?
18
Let v be 1533/(-84) + 6/(-8). Let u be (v - 4/(-1))*-11. Calculate the highest common factor of u and 33.
33
Let c be 8 + 73 + -4 - -1. Calculate the greatest common factor of 936 and c.
78
Let u(z) = -2*z**2 - 3*z + 2. Let v be u(-3). Let c = 5 - v. Let b be (6/c)/(2/288). Calculate the highest common divisor of 24 and b.
24
Let k = 97 + -41. Let d(w) = -w**3 + 23*w**2 - 37*w - 68. Let l be d(20). Calculate the highest common factor of k and l.
56
Let d(b) = -b**3 - b**2 + b - 8. Let m be d(0). Let f be ((-30)/8)/(1/m). Let t = 77 - 62. What is the highest common divisor of t and f?
15
Suppose 74 = 4*g - 3*f, g + 0*g + f - 22 = 0. Let s = -22 + 10. Let a = g + s. What is the greatest common factor of a and 2?
2
Let s be 4/18 - 276/27. Let l be ((-4)/3)/(s/(-15)). Let k = l - -9. Calculate the greatest common divisor of 35 and k.
7
Let r be 2*1900/28 + 6/21. Calculate the highest common divisor of r and 17.
17
Let b be -1*(-1*4 - 3). Let v(c) = c**3 - 6*c**2 - 7*c - 1. Let k be v(b). Let t be (-5)/k*(-14)/(-5). Calculate the highest common factor of 7 and t.
7
Let y = 4 - -7. Suppose 4*b = 4*w, -4*w + 20 = w. Suppose y*a = 7*a + b. Calculate the greatest common factor of a and 5.
1
Let z be (-5)/(-15)*(-3 + 57). Calculate the greatest common divisor of 1314 and z.
18
Let z = 9 + -1. Let a = -7 + z. Let y be a/7 + 2230/70. Calculate the greatest common divisor of 128 and y.
32
Suppose -4*k + 5*h + 44 = 0, 180*h - 176*h + 16 = 2*k. Let q = 16 + 8. Calculate the greatest common divisor of q and k.
8
Suppose -4*t - 24 = -3*w, 73 - 52 = 2*w - t. Calculate the greatest common factor of 516 and w.
12
Suppose -5*l + 10*l = 90. Let n(r) = 3*r**2 - r. Let i be n(-1). Suppose 13 = -i*p + 157. What is the highest common divisor of p and l?
18
Let y(r) = 3*r**2 - 8*r - 2. Let i be y(6). Let m be 2080/24 - (-5)/15. Calculate the greatest common factor of i and m.
29
Let n = 26 - 23. Suppose -n*c + 28 = c - 4*g, c + 4*g = 32. Suppose 11*d = 14*d - 180. Calculate the greatest common divisor of d and c.
12
Suppose 0 = -4*a - 0*a. Suppose 0 = 2*x - a*x + 3*v - 18, -26 = -3*x - 4*v. Let z = 22 - 10. Calculate the highest common factor of z and x.
6
Suppose -278*d + 324 = -260*d. Suppose 6 + 4 = -5*n. Let k = n - -38. Calculate the greatest common divisor of d and k.
18
Let w be 0 + -4 + 3 - (-19 - 3). Calculate the highest common factor of w and 56.
7
Let i(m) = 2*m**2 - 35*m + 139. Let k be i(4). What is the greatest common factor of 589 and k?
31
Suppose -4*c = c + u - 15, 5*u = 25. Let p be c/(-4) - 3/(-6). Let w(z) = -z**2 + z + 40. Let a be w(p). What is the greatest common divisor of 16 and a?
8
Suppose 5*l = 24*i - 23*i - 455, 0 = -2*l + 2. Calculate the greatest common factor of 46 and i.
46
Suppose -390 = 64*j - 74*j. What is the greatest common divisor of j and 832?
13
Suppose -4*j = 5*i - 221, -i + 3*j = 2*j - 46. Let d = i - 42. Suppose 0*x = 3*x - 36. Calculate the highest common divisor of x and d.
3
Suppose -11*o - 4 = -9*o + 2*c, -c = 5. Calculate the highest common factor of 192 and o.
3
Suppose g - 39 = -a, -2*a + 77*g - 76*g + 69 = 0. Calculate the greatest common factor of a and 152.
4
Let t(a) = -a - 2. Let y be t(-4). Let w = -1 - -7. What is the highest common divisor of w and y?
2
Let k be 72/16*((-120)/9)/(-4). What is the greatest common divisor of k and 12?
3
Suppose 5*l - 93 = -3*p, -2*l + 59 - 19 = 4*p. Calculate the highest common divisor of l and 1458.
18
Let q = 22 + -4. Let w(o) = -5*o - 7. Let h be w(-8). Let f = h - q. What is the highest common factor of f and 45?
15
Let i(p) = -6*p**2 - 4*p**2 + 1 + 9*p**2 + 2*p**2. Let o be i(7). Calculate the highest common factor of o and 20.
10
Suppose -588 = -365*m + 358*m. Calculate the highest common divisor of m and 42.
42
Let y be (-3 + (-28)/(-8))*0. Suppose -5*g + y*g = -25. Suppose -4 = -2*n, 0 = g*d - n - 44 + 1. Calculate the greatest common factor of 81 and d.
9
Suppose 360*i - 373*i = -754. Calculate the highest common divisor of 2 and i.
2
Let h = 4 - -35. Let w = h - 29. What is the highest common divisor of w and 2?
2
Let y be 0/(3*(-8)/(-12)) + 5. Calculate the greatest common divisor of 5 and y.
5
Let y(w) = 200*w - 744. Let n be y(4). What is the greatest common divisor of n and 98?
14
Suppose u - q = -3, 4 = q + 1. Suppose a - 5*y - 26 = u, 6*a - 3*y = 2*a + 87. What is the greatest common factor of 63 and a?
21
Suppose 70*i - 71*i = -184. What is the greatest common factor of i and 16?
8
Suppose 0 = 2*z - 6*z + 8. Let n be (11 - -94)/(z*(-2)/(-4)). What is the greatest common divisor of n and 21?
21
Let m be 3 - -3*28/6. Let j(s) = -2*s**3 - 9*s**2 - 4*s + 4. Let r be j(-6). Calculate the greatest common factor of m and r.
17
Suppose 0*c = 3*c - 42. Let u = -10 + c. Suppose -5*d + 89 = 9. Calculate the highest common divisor of u and d.
4
Let o = 150 + -87. Let z = -47 - -54. Calculate the greatest common divisor of o and z.
7
Let g = -27 - -26. Let u = 4 - g. Suppose -u*i = -3*q - 22, 4*i = 5*q - 0*q + 15. Calculate the highest common factor of q and 4.
1
Suppose 2*q - 304 = k, 183*q - 152 = 182*q - 2*k. What is the highest common divisor of q and 380?
76
Let n(j) = -47*j**3 - 15*j**2 - 14*j - 4. Let q be n(-2). Calculate the greatest common divisor of 160 and q.
20
Suppose -15*l - 17*l = -1152. Calculate the greatest common factor of 153 and l.
9
Let h = -11 + 14. Let y be (-1 + 1)/h - -3. Let r be 2*y/(-6) - -3. Calculate the greatest common factor of 18 and r.
2
Suppose -2*g + 0 = 5*b + 15, -2*b = -g - 3. Let o be (-3402)/(-147) - b/(-7). What is the greatest common factor of 23 and o?
23
Le